74210?
2
What is the thousands digit of 496821?
6
What is the hundreds digit of 7503513?
5
What is the hundreds digit of 92459?
4
What is the ten thousands digit of 554325?
5
What is the ten thousands digit of 4331268?
3
What is the hundred thousands digit of 434716?
4
What is the hundreds digit of 3604426?
4
What is the tens digit of 4990580?
8
What is the millions digit of 7933185?
7
What is the ten millions digit of 28093685?
2
What is the hundreds digit of 23219007?
0
What is the hundred thousands digit of 7565804?
5
What is the thousands digit of 2899771?
9
What is the hundred thousands digit of 490178?
4
What is the tens digit of 15971?
7
What is the millions digit of 1105033?
1
What is the hundreds digit of 99256?
2
What is the ten thousands digit of 7248909?
4
What is the ten thousands digit of 2170243?
7
What is the ten thousands digit of 2047159?
4
What is the thousands digit of 8146161?
6
What is the hundred thousands digit of 5388407?
3
What is the units digit of 7850065?
5
What is the tens digit of 36423397?
9
What is the hundred thousands digit of 548226?
5
What is the hundreds digit of 1052697?
6
What is the ten thousands digit of 244775?
4
What is the ten millions digit of 10117120?
1
What is the thousands digit of 368392?
8
What is the units digit of 120344?
4
What is the millions digit of 1914002?
1
What is the hundred thousands digit of 1292191?
2
What is the ten thousands digit of 6133722?
3
What is the ten thousands digit of 2747539?
4
What is the millions digit of 1226020?
1
What is the thousands digit of 2923043?
3
What is the ten thousands digit of 75475?
7
What is the tens digit of 4217551?
5
What is the hundreds digit of 17624744?
7
What is the ten millions digit of 11834159?
1
What is the units digit of 311335?
5
What is the hundreds digit of 124426?
4
What is the ten thousands digit of 1645598?
4
What is the ten millions digit of 10731749?
1
What is the ten thousands digit of 109088?
0
What is the units digit of 13112611?
1
What is the ten thousands digit of 224569?
2
What is the ten thousands digit of 132940?
3
What is the thousands digit of 2614437?
4
What is the thousands digit of 15152645?
2
What is the ten thousands digit of 482439?
8
What is the millions digit of 1489324?
1
What is the units digit of 198535?
5
What is the tens digit of 267886?
8
What is the units digit of 284875?
5
What is the thousands digit of 177382?
7
What is the thousands digit of 907391?
7
What is the thousands digit of 4334289?
4
What is the hundred thousands digit of 537176?
5
What is the thousands digit of 679255?
9
What is the hundreds digit of 9533463?
4
What is the thousands digit of 140716?
0
What is the ten thousands digit of 1834941?
3
What is the units digit of 1950094?
4
What is the tens digit of 11516?
1
What is the millions digit of 22731563?
2
What is the ten thousands digit of 5206180?
0
What is the hundred thousands digit of 6760810?
7
What is the millions digit of 1770889?
1
What is the hundreds digit of 26967?
9
What is the units digit of 1788119?
9
What is the ten thousands digit of 622112?
2
What is the thousands digit of 2048253?
8
What is the millions digit of 6538299?
6
What is the tens digit of 1180640?
4
What is the ten thousands digit of 245280?
4
What is the thousands digit of 15405?
5
What is the hundred thousands digit of 2453531?
4
What is the units digit of 1704271?
1
What is the hundred thousands digit of 2564781?
5
What is the millions digit of 2470243?
2
What is the thousands digit of 3276380?
6
What is the units digit of 3641781?
1
What is the ten thousands digit of 251503?
5
What is the tens digit of 83017?
1
What is the hundreds digit of 808998?
9
What is the ten thousands digit of 1653833?
5
What is the tens digit of 760946?
4
What is the units digit of 155190?
0
What is the tens digit of 323580?
8
What is the hundred thousands digit of 653558?
6
What is the hundreds digit of 9875113?
1
What is the tens digit of 34710?
1
What is the units digit of 6357180?
0
What is the thousands digit of 289269?
9
What is the ten thousands digit of 67546?
6
What is the units digit of 234161?
1
What is the thousands digit of 303195?
3
What is the thousands digit of 52694?
2
What is the tens digit of 38561?
6
What is the ten thousands digit of 381642?
8
What is the ten thousands digit of 835941?
3
What is the ten thousands digit of 24160?
2
What is the tens digit of 5289936?
3
What is the ten thousands digit of 295789?
9
What is the units digit of 2084078?
8
What is the ten thousands digit of 4628075?
2
What is the hundred thousands digit of 954106?
9
What is the millions digit of 2062133?
2
What is the ten thousands digit of 2158101?
5
What is the units digit of 5553405?
5
What is the tens digit of 29006118?
1
What is the tens digit of 237119?
1
What is the thousands digit of 989226?
9
What is the hundreds digit of 479061?
0
What is the hundred thousands digit of 4130373?
1
What is the units digit of 396657?
7
What is the units digit of 10356962?
2
What is the tens digit of 11768429?
2
What is the millions digit of 2320652?
2
What is the ten thousands digit of 200284?
0
What is the tens digit of 570650?
5
What is the hundreds digit of 475330?
3
What is the ten thousands digit of 284052?
8
What is the ten millions digit of 12308030?
1
What is the units digit of 18462309?
9
What is the hundred thousands digit of 2335341?
3
What is the hundreds digit of 1052227?
2
What is the hundreds digit of 1309199?
1
What is the hundreds digit of 78868?
8
What is the ten thousands digit of 88533?
8
What is the hundreds digit of 7832295?
2
What is the thousands digit of 159141?
9
What is the thousands digit of 24624569?
4
What is the thousands digit of 211115?
1
What is the ten millions digit of 24910459?
2
What is the ten thousands digit of 475152?
7
What is the tens digit of 12865098?
9
What is the hundreds digit of 1741765?
7
What is the units digit of 1802343?
3
What is the thousands digit of 1075736?
5
What is the ten thousands digit of 196832?
9
What is the hundred thousands digit of 13533112?
5
What is the hundred thousands digit of 5868056?
8
What is the millions digit of 8422606?
8
What is the hundreds digit of 6188606?
6
What is the units digit of 499577?
7
What is the thousands digit of 9393124?
3
What is the tens digit of 279598?
9
What is the hundreds digit of 952000?
0
What is the units digit of 2889982?
2
What is the units digit of 5261799?
9
What is the units digit of 129186?
6
What is the tens digit of 1897210?
1
What is the thousands digit of 7305935?
5
What is the millions digit of 37262707?
7
What is the tens digit of 870231?
3
What is the ten thousands digit of 2611035?
1
What is the hundred thousands digit of 510215?
5
What is the tens digit of 4008?
0
What is the hundreds digit of 9333859?
8
What is the millions digit of 2987300?
2
What is the tens digit of 3467280?
8
What is the hundreds digit of 1785317?
3
What is the millions digit of 7033462?
7
What is the thousands digit of 196123?
6
What is the hundred thousands digit of 2098903?
0
What is the ten thousands digit of 17539?
1
What is the ten thousands digit of 10770274?
7
What is the hundreds digit of 8029984?
9
What is the thousands digit of 276018?
6
What is the hundred thousands digit of 1207433?
2
What is the ten thousands digit of 1282726?
8
What is the hundred thousands digit of 262492?
2
What is the hundreds digit of 3658522?
5
What is the ten thousands digit of 1233345?
3
What is the tens digit of 170015?
1
What is the tens digit of 455236?
3
What is the thousands digit of 185020?
5
What is the millions digit of 1342393?
1
What is the hundred thousands digit of 299817?
2
What is the units digit of 1611871?
1
What is the thousands digit of 1981693?
1
What is the thousands digit of 4727669?
7
What is the ten thousands digit of 1326146?
2
What is the thousands digit of 457372?
7
What is the units digit of 2189908?
8
What is the ten thousands digit of 723156?
2
What is the ten thousands digit of 2622014?
2
What is the tens digit of 58207?
0
What is the tens digit of 2337880?
8
What is the units digit of 533415?
5
What is the millions digit of 1235783?
1
What is the hundreds digit of 1145377?
3
What is the millions digit of 1590943?
1
What is the u